+ 1 = s. Let i(y) = -5*y - 4. Let p(x) = 9*x + 8. Let b(d) = 5*i(d) + 3*p(d). What is the tens digit of b(s)?
1
Suppose -2*f + 480 + 516 = 0. What is the units digit of f?
8
Suppose 35 = q - 1. Suppose -u - m = -6 - 0, q = 5*u - m. What is the units digit of u?
7
Suppose 35*k = 32*k. Suppose k = 4*n - 6*n + 134. What is the units digit of n?
7
Let a(x) be the third derivative of x**6/120 - x**5/10 + 7*x**4/24 - x**3 + x**2. Let t(f) = -5*f**3 + 4*f + 4. Let y be t(-1). What is the units digit of a(y)?
4
Let l(m) = -m - 12. Let o(x) = -2*x - 24. Let f(n) = 7*l(n) - 4*o(n). Let h be f(-13). What is the units digit of (4 + -2 - h) + 2?
5
Let y be -13*(1 - 0/(-2)). Let j = y + 0. Let a = 8 - j. What is the units digit of a?
1
Let w(a) = 0*a**3 - a**3 - a**3 + 11*a**2 + 11*a + a**3 + 14. Let x be w(12). Suppose h = 4*o - 17 - 93, 108 = 4*o - x*h. What is the tens digit of o?
2
Suppose -4*z + 7 + 9 = 0. Let x(l) = l**3 - 2*l**2 - 2*l - 4. Let r be x(z). What is the tens digit of 2*r/32*24?
3
Let m = -509 - -286. Let g be m/(-6) + (-9)/54. Let s = 68 - g. What is the units digit of s?
1
Suppose 4*a = 2*h + 4054, -2*a - 4*h = -a - 991. What is the units digit of a?
1
Let q = -30 - -32. Suppose 0 = -5*p - m + 343, -5*p + q*m + 549 = 200. What is the tens digit of p?
6
Suppose 4*m - 4*a + 3*a = 14, 4*m + 4*a = 4. Suppose -3*l = -7*r + 2*r + 518, 0 = m*r + 2*l - 326. What is the units digit of r?
6
Suppose 4*h - 8 = 3*h. Let d be h - 4 - 0 - -3. Suppose -m + 148 = 5*j, -112 = -4*j + 3*m - d*m. What is the units digit of j?
0
Suppose -7*w = -11*w + 540. What is the tens digit of w?
3
Let j(f) = f. Let w be j(2). Suppose 2*g + r + 10 = 0, g - 4*r - 15 = -w. What is the tens digit of g - -6 - -5*9?
4
Let h be 33/55 - (-43)/(-5). What is the tens digit of (-6)/(-15) - h/(-20) - -122?
2
Suppose 6*h = -6 + 36. What is the units digit of -2*h*56/(-16)?
5
Suppose 749 = 3*m - 433. Suppose 4*y = -3*c + m, 0 = 3*y + 3*c + 161 - 458. What is the units digit of y?
7
Let g(q) = 3*q**3 + 9*q**2 - 4*q + 1. Let y(r) = -12*r**3 - 2*r**2 + r**2 + 11*r**3 + 1. Let j(l) = -g(l) - 2*y(l). What is the tens digit of j(-8)?
2
Let o = -2794 - -3947. Suppose -5*x + 4*n = -o + 446, 0 = -4*n + 8. What is the units digit of x?
3
Let z(w) = -w**3 - 9*w**2 + 9*w - 3. Let m be z(-10). Suppose p + m = 4*h + 4, -4*p - 4*h = -48. What is the tens digit of (-3 - p/(-12))*-24?
5
Suppose -5*b = y - 12 + 1, 3*b + 2*y - 8 = 0. Suppose 96 = 3*u + 24. Suppose x + b*x = u. What is the units digit of x?
8
Suppose x - 5*x = -u + 22, -4*u - 17 = 5*x. Suppose -u*o = -i + 65, 4*i - 5*o - 260 = -o. What is the units digit of i?
5
Let y = -2317 - -3600. Suppose 16 = -7*u + y. What is the units digit of u?
1
Suppose -142 = -4*t + b, 6*t - 239 = -t - 3*b. Let s = 44 - 69. Let y = s + t. What is the units digit of y?
0
Let v(s) = -68*s**3 - 2*s**2 - s. Let i(d) = -d - 8. Let j be i(-7). What is the tens digit of v(j)?
6
Suppose 31*o = 28402 + 27770. What is the hundreds digit of o?
8
Let i = 545 - 268. What is the hundreds digit of 1/(-6 - -2 - (-1109)/i)?
2
Let j(r) = r + 1. Let h = -75 + 85. What is the units digit of j(h)?
1
Suppose 9*l - 6 = 21. Suppose 0 = 3*w + f - 63, -63 = -3*w + 5*f - l*f. What is the units digit of w?
1
Let v(y) = 1 + y**3 + 10*y + 5*y + 7*y**2 + 0*y - 6*y. Let w be v(-6). Let h = -13 - w. What is the units digit of h?
4
Let h be 33/(-11) - 3/(-1). Suppose 5*z + 4*q = 300 + 80, h = -z - 3*q + 87. What is the units digit of z?
2
Suppose 28842 = 34*i - 11380. What is the thousands digit of i?
1
Let s(c) = -c**2 - 6*c - 2. Let n be s(-5). Suppose 5*w - n*r = 468, -5*r = -5*w - 0*r + 460. What is the units digit of w?
6
Suppose 3*k - 542 = -2*q, -3*q + 295 = -2*k - 492. Suppose i + 4*i + 5 = 0, 3*i - q = -2*v. What is the units digit of v?
4
Let k(q) be the first derivative of q**3 + 24. Let x(a) = a**3 + 2*a**2 - 2*a + 1. Let c be x(-3). What is the tens digit of k(c)?
1
Let j(s) = 115*s**2 + 34*s - 162. What is the units digit of j(7)?
1
Suppose -p + 410 = 5*u, 5*u - 2*u - 246 = 4*p. Suppose u = 2*g + 5*t, -g + 71 = -0*g - 5*t. What is the units digit of g?
1
Let z(l) = l**3 - 17*l**2 - 17*l - 2. Let v be (-42)/98 - (-1 - (-122)/(-7)). What is the units digit of z(v)?
6
Suppose -h + 183 = -b, -2*h - 3*b - 209 = -595. What is the hundreds digit of h?
1
Let a(q) = q**3 - 18*q**2 - 25*q + 42. Let k be a(21). Suppose -v + 5*f + 845 = 3*v, 4*f = 4*v - k. What is the tens digit of v?
0
Let h = -2 - -5. Suppose 43 = 2*j - h*u, -j - 3*u + 8 = -0*u. Suppose -2*i + j = -67. What is the tens digit of i?
4
Suppose 6*j - 8*j = -20. What is the hundreds digit of (j/3*53)/(2/3)?
2
Let t(u) be the third derivative of -u**4/24 + u**3/6 + 10*u**2. Let i be t(-2). Suppose y - 15 = -i*k + 11, -2*y + 5*k + 41 = 0. What is the tens digit of y?
2
Let z(q) = -q**2 + 2*q + 4. Let j be z(2). Let p be -2 + (0 - -18) + 2. What is the units digit of p/(-3 + j) - -2?
0
Let m = -10 - -9. Let a = 0 - m. What is the units digit of ((-1)/(-2) - a)*-30?
5
Let p(v) = v**3 - 4*v + 4. Let z be (-11)/(-4) - 3/4. Let y be 2*z + (4 - 5). What is the tens digit of p(y)?
1
What is the tens digit of (-40)/(-14)*-3171*6/(-36)?
1
Suppose -3*a = -8 + 35. Let j = 45 + a. What is the tens digit of j?
3
Suppose -k - a = -2, 3*k = 2*a - 1 + 7. Suppose k*o - 22 = 2*f, -5*o + f + 0*f + 39 = 0. What is the units digit of o?
7
Let h(q) = -2*q**3 + 50*q**2 - 27*q + 57. What is the tens digit of h(24)?
6
Suppose -3*a - 10 = -2*f, 4*f - 1 + 5 = 0. What is the units digit of (a + (-2 - -8))*3/2?
3
Suppose 4*a + 1412 = 2*q, 2*q - 2091 = -4*a - 647. What is the hundreds digit of q?
7
Let r be ((-66)/55)/(4/(-150)). Let y(w) = 2*w**3 + 3*w**2 - w + 4. Let x be y(-3). Let j = r + x. What is the tens digit of j?
2
Suppose 3*w - 12 = 0, -214 = -x + w + 166. What is the tens digit of 22/(-55) + x/10?
3
What is the units digit of (29 + -28)*5*298?
0
Suppose 5*s = 7*s - 6990. What is the thousands digit of s?
3
Suppose -66 = -2*i + 6. Let q = i + 38. What is the tens digit of q?
7
Let l = 682 - 415. What is the hundreds digit of l?
2
What is the units digit of (-3 + 2)/(12/(-5028))?
9
What is the thousands digit of (2 - 1)*(1527 + (-23 - -19))?
1
Let q be -39*((-20)/(-12) + -1). Let m = 19 - q. What is the tens digit of m?
4
Let p = -292 - -701. What is the tens digit of p?
0
Suppose -3*x - 4 = -5*n + 691, -x = -3*n + 421. What is the hundreds digit of n?
1
Let a(q) = -47*q**3 + 2*q**2. What is the tens digit of a(-2)?
8
Suppose 60 = 2*q - 8*q. Let d(w) = -w**3 - 9 + 8*w - 5*w**2 - 4*w**2 - w. What is the units digit of d(q)?
1
Suppose -5*n = -5*k + 1560, 5*k - 1600 = -4*n - n. Suppose p = -2*w + 315, 0 = -5*w - 3*p + k + 471. What is the units digit of w?
8
Let w(n) = n + 21. Suppose 52 = -3*y + 112. What is the units digit of w(y)?
1
Let f(c) = c**2 - 23. Let y be f(5). What is the units digit of ((-18)/(-5))/(-3*y/(-240))?
4
Suppose 10 = 3*l + 2*k, 2*k - 6 = 4. Suppose l = -4*v - 8, -j - 2 = -5*v - 50. What is the units digit of j?
8
What is the tens digit of 1848 + (-1)/3 + (-2)/(-6)?
4
Suppose 3*k - 4 = k. Let u be 8 - (k - (-4 + 3)). Suppose 2*d - u*j = d + 18, 0 = 5*d + 3*j - 118. What is the tens digit of d?
2
Suppose 4*s = 7 + 1. What is the tens digit of (-39)/s*(42/(-9) - 0)?
9
Let j(c) = -c**2 - 3*c - 12. Let r be j(6). Suppose -2*i - 197 = 19. Let w = r - i. What is the tens digit of w?
4
Suppose -13*s + 828 = -537. What is the tens digit of s?
0
Let f be (22 + 0)/(5 - 3). Suppose -2*v - 5*n = -31, 0 = -2*v + 5*v - 4*n + f. Suppose -3 + 9 = v*m. What is the units digit of m?
2
Let u = 1149 + -476. What is the tens digit of u?
7
Let c = -809 - -1795. What is the tens digit of c?
8
Suppose 17 = 3*p - 4. Let f(o) = -o**2 + 10*o + 8. What is the units digit of f(p)?
9
Suppose -5*t - 31 = 3*y - 117, -132 = -4*y + 2*t. Suppose y = -i + 3*i. What is the units digit of i?
6
Suppose 12926 = 17*f + 3797. What is the tens digit of f?
3
Let d = -4 + 7. Suppose -3*l = -d - 9. Suppose 0 = l*b + 5*u - 3*u - 74, 6 = 2*u. What is the tens digit of b?
1
What is the hundreds digit of 4/(-18)*141*-57?
7
Let z = 2780 - 1883. What is the tens digit of z?
9
Let k = -48 - 60. Let q = 205 - 275. Let p = q - k. What is the tens digit of p?
3
Let j(o) = 2*o*